250)*-15?
18
Let j be (12/5)/(2/5). Let z be (-2 - j - 4)/((-2)/4). Let l = -14 + z. What is the remainder when 32 is divided by l?
2
Let g = -125970 + 126136. Calculate the remainder when g is divided by 0/(-2 + 0) + 24.
22
Let i be -2*4/(-12) + 128/(-12). Let v be 4/(-20) + (-642)/i. Let b = v + -47. Calculate the remainder when 31 is divided by b.
14
Let u(b) = -4*b - 71. Let n be u(-18). Calculate the remainder when 278 is divided by n + 4 + (1 - -1273)/14.
86
Suppose -10*l + 99193 = 61*l - 83490. Calculate the remainder when l is divided by 8.
5
Suppose -4*s = -y - 5492, -5199 - 1666 = -5*s - y. What is the remainder when s is divided by 43?
40
Suppose -87873 = -59*u + 33195. What is the remainder when u is divided by 13?
11
Let k = 286 + -268. Suppose k*n + 4*n - 132 = 0. Calculate the remainder when 79 is divided by n.
1
Let m be (33/6)/(((-3)/26)/(-3)). Let b = m - 71. What is the remainder when b is divided by 26?
20
Suppose -4*y + 16 = -t, 8*y - 6*y = -3*t - 6. Suppose -4 = -a - y*p, a + p + 22 = 4*a. Calculate the remainder when 75 is divided by a.
5
Suppose t + 0*t - 78 = 0. Let v = 16111 + -16106. Calculate the remainder when t is divided by v.
3
Let s = -115 - -156. Let h(n) = 158*n**3 + 3*n**2 - 2. Let p be h(-1). Let i = -80 - p. Calculate the remainder when i is divided by s.
36
Let m = 151 - 99. Let c = 97 + m. Calculate the remainder when c is divided by 6/105*7*75.
29
Suppose -l = -2*l + 4*g + 52, 2*g + 2 = 0. Suppose -j + 3*a + 235 = 0, 12*a - 13*a = 4*j - 953. What is the remainder when j is divided by l?
46
Suppose 13*y + 824 + 10786 = 58*y. What is the remainder when 1565 is divided by y?
17
Suppose 649 = 3*m - 4*w, -95*w = -92*w - 15. Calculate the remainder when m is divided by 40.
23
Calculate the remainder when (24/16)/(19591/(-9802) + 2) is divided by 15.
6
Let i(n) = -10*n**3 + 419*n**2 + 41*n + 48. Calculate the remainder when 5169 is divided by i(42).
3
Let t(p) = p**3 + 47*p**2 + 497*p - 1. Let w be t(-31). Suppose -n - 2*n = 78. Let f = n - w. What is the remainder when f is divided by 5?
1
Let w be (-58)/(-116) - 729/(-2). Let s = 404 - w. Calculate the remainder when 153 is divided by s.
36
Suppose 3*g + 229 = 6*n - 4*n, 4*n - 4*g - 456 = 0. Suppose i - o = n, 5*i - o - 573 = -4*o. Calculate the remainder when i is divided by 58.
56
Let o be (-3 + 0)/(1/8). Let l = -610 + 623. What is the remainder when (-4)/(o/(-69))*-2 is divided by l?
10
Let r = -78 - -80. Suppose 0 = -2*b + 2*v + 12, -2 = -3*b - 3*v - r*v. What is the remainder when (74/4)/(5/10) is divided by b?
1
Let i(l) = 10*l**2 - 2*l - 19. Calculate the remainder when 607 is divided by i(3).
22
Let z(p) = -p + 24. Suppose 5*i + 44 = 114. Suppose -i = -3*j + 19. What is the remainder when 36 is divided by z(j)?
10
Let g = 4137 + -4093. Let o = -9 + 37. Calculate the remainder when g is divided by o.
16
Let y = -57 + 79. Let u be ((-664)/6 - 0)/(y/(-66)). Calculate the remainder when 15/10*(u/(-3))/(-2) is divided by 17.
15
Let f(c) = 266*c**3 + 5*c - 4. Calculate the remainder when f(1) is divided by 22.
3
Suppose -h - 4*t + 57 = 0, 2*h - 4*t - 89 = 25. Suppose -2*g + 129 = h. Suppose -g*i + 168 = -32*i. What is the remainder when 125 is divided by i?
41
Suppose 3*l = l + 192. Let f(h) = -h**3 - 26*h**2 + 55*h + 14. Let r be f(-28). What is the remainder when l is divided by 2/(-2) - r/(-5 - -3)?
16
Let p = -17377 + 24736. Calculate the remainder when p is divided by 32.
31
Let f = 17 - -16. Calculate the remainder when 19 is divided by (2 + -1)/(3/f).
8
Suppose -3*t + n + 235 + 198 = 0, 4*n = 2*t - 272. Suppose -144*h - 194 = -t*h. What is the remainder when h is divided by 33?
31
Let t be (8 + -11)/(-1 + -2 + 2). Suppose -t*i + 540 = 12*i. What is the remainder when 71 is divided by i?
35
Suppose -h = 4*i - 41, 4*h - 43 = -4*i - 11. Suppose -p - p - 5*w = -155, -147 = -2*p + 3*w. Calculate the remainder when p is divided by i.
9
Suppose 0 = -2*u - 4*s + 450, -2*s + 103 = 4*u - 809. Let z = 234 - u. What is the remainder when 3/(8/6 - 1) is divided by z?
4
Let a(d) = 7*d**2 + 2*d. Let t be a(1). Suppose -13*g + 72 = -t*g. Calculate the remainder when (34/(-1))/((-4)/8) is divided by g.
14
Let o = 257 + -254. Suppose 3*s = 4*u - 2*s - 74, 0 = -o*u - 4*s + 40. Calculate the remainder when 140 is divided by u.
12
Suppose -451 = -3*q + 3*j + 209, q + 2*j - 235 = 0. Calculate the remainder when q/2 + 9/(-6)*1 is divided by (-1)/4 - 113/(-4).
27
Let h(p) = -263*p + 1. Suppose 0 = -2*q + 2*y + 138, 2*q = 5*y - 59 + 206. What is the remainder when h(-2) is divided by q?
65
Suppose 3*f = -5*b + 155, -134*b - 2*f - 31 = -135*b. Suppose -4*t + 856 = 4*c, 4*t - 853 = -0*c - c. What is the remainder when t is divided by b?
27
Suppose -46*z = -91*z + 63*z - 1980. Suppose -j + 27 + 7 = 0. Calculate the remainder when z is divided by j.
8
Let y = -23534 - -23610. What is the remainder when 6532 is divided by y?
72
Let x(o) = 9*o**2 - 1. Let z = 498 + -489. Suppose -z*r + 5 = -103. What is the remainder when x(2) is divided by r?
11
What is the remainder when -3 + 2287 + (50/(-75))/((-4)/(-6)) is divided by 1140?
3
Let b be (-124)/(-16) + -3 + (-3)/(-12). Suppose 245 = 4*r - b*t, 4*t - 54 = -r + 23. Calculate the remainder when r is divided by 27.
11
Let c(i) = -i**3 - 2*i**2 - 2*i - 31. Calculate the remainder when 3768 is divided by c(-4).
6
Let c(z) = z - 2. Let m(r) = 23*r + 21. Let o(s) = -c(s) - m(s). What is the remainder when o(-3) is divided by 7?
4
Suppose 2*b = 3*q + 143, 2*b - 5*b = 2*q - 208. Suppose -b = -3*v + 5*f + 48, 3*v + 5*f = 68. What is the remainder when v is divided by 6?
1
Let x(n) = 2*n - 3. Let d be x(3). Suppose 5*z = g - 3*g + 61, -2*g + d*z = -53. Let f = -12 - -22. Calculate the remainder when g is divided by f.
8
Let v(l) = 19 + l + 0*l + 9*l. Calculate the remainder when v(4) is divided by (15 + (-560)/32)*124/(-10).
28
Suppose -46277 = -2*s - f, 70*f - 78*f = -2*s + 46304. What is the remainder when s is divided by 133?
131
Let m(k) = 37*k**2 - 3*k + 1. Calculate the remainder when 297 is divided by m(2).
11
Let v = 97 - 60. Let c(s) = -2*s**2 + 76*s - 51. What is the remainder when 64 is divided by c(v)?
18
What is the remainder when 14 + (-6 - 6) - -90 is divided by 2?
0
Let p(s) = s**3 + 51*s**2 + 90*s - 104. Let x be p(-49). Suppose -72*l = -54*l - x. Calculate the remainder when l is divided by 9.
7
Let n(p) = 7*p - 5. Suppose -12*s - 10553 = -11957. What is the remainder when s is divided by n(5)?
27
Suppose -1612 = 79*r - 131*r. What is the remainder when 4678 is divided by r?
28
Suppose -1479 = 37*u - 45*u + 169. Calculate the remainder when u is divided by 165.
41
Let j = -3409 + 3448. What is the remainder when j is divided by 30?
9
Let t(n) be the third derivative of n**5/30 - 5*n**4/24 - 11*n**3/6 + 36*n**2 - 1. Calculate the remainder when t(7) is divided by 9.
7
Suppose -3*w + 2*a - 24 = -a, -5*w = 2*a + 26. Let y be (-6 + 0)*(-4)/w. Calculate the remainder when 61 is divided by 3/((-6)/y) + 7 + 7.
13
Let h = 3340 + -2966. What is the remainder when h is divided by 69?
29
Suppose -79*x + 71*x = 0. Let c(u) = -u**3 + u + 38. Calculate the remainder when 113 is divided by c(x).
37
Let g = 209 + -123. Suppose u = -4*a + 150, -61*a + 5*u - 206 = -65*a. What is the remainder when g is divided by a?
18
Suppose 0 = 12*l - 405 - 795. Suppose -784 = -13*w + l. What is the remainder when w is divided by 25?
18
Let p(x) = 163*x - 806. Let u(l) = -32*l - 19. Calculate the remainder when u(-10) is divided by p(5).
4
Let n(k) = -225*k**3 + 4*k**2 - 45*k - 48. Calculate the remainder when n(-1) is divided by 117.
109
Let g = 3165 - 3016. Let m(r) = r**2 - 7*r - 14. What is the remainder when g is divided by m(11)?
29
Let d be -4 + -3 + 0 + 4. Let u = 5 + d. Suppose -42 + 16 = -u*j. Calculate the remainder when j is divided by 5.
3
Let m = 1909 - 1818. Suppose 0 = -4*q + 76 + 120. Calculate the remainder when m is divided by q.
42
Let d be (-4)/(-10) + 169/65. Suppose g + 4*g + 5*a - 45 = 0, 45 = 3*g - d*a. Suppose -g*i + 7*i = -225. Calculate the remainder when i is divided by 23.
22
Let u(d) = -14*d + 18. Let v be u(-3). Let s = -41 + v. Let f(z) = 3*z - 15. Calculate the remainder when f(17) is divided by s.
17
Let h(d) = 27.